{"id":305,"date":"2017-04-18T23:41:23","date_gmt":"2017-04-18T21:41:23","guid":{"rendered":"https:\/\/onlineglaserei.de\/betashop-v1\/?post_type=product&#038;p=252"},"modified":"2025-06-02T12:06:24","modified_gmt":"2025-06-02T10:06:24","slug":"glasscheiben","status":"publish","type":"product","link":"https:\/\/onlineglaserei.de\/glaskultur-essen\/produkt\/glasscheiben\/","title":{"rendered":"Glasscheiben"},"content":{"rendered":"<p>&nbsp;<\/p>\r\n","protected":false},"excerpt":{"rendered":"<p>Konfigurieren Sie Glasscheiben aller Art, Gr\u00f6\u00dfe und Form. Wir machen Ihnen ein Angebot. Sie k\u00f6nnen entscheiden ob Sie die Scheibe abholen oder geliefert haben m\u00f6chten.<\/p>\n<ul class=\"og_liste\">\n<li>Online konfigurieren<\/li>\n<li>Lieferung bis in Ihre R\u00e4umlichkeiten<\/li>\n<li>Auf Wunsch mit Aufma\u00df<\/li>\n<\/ul>\n","protected":false},"featured_media":914,"template":"","meta":[],"product_brand":[],"product_cat":[23],"product_tag":[],"class_list":{"0":"post-305","1":"product","2":"type-product","3":"status-publish","4":"has-post-thumbnail","6":"product_cat-mit-aufmass","7":"product_shipping_class-lieferung-optional","9":"first","10":"instock","11":"shipping-taxable","12":"purchasable","13":"product-type-simple"},"_links":{"self":[{"href":"https:\/\/onlineglaserei.de\/glaskultur-essen\/wp-json\/wp\/v2\/product\/305","targetHints":{"allow":["GET"]}}],"collection":[{"href":"https:\/\/onlineglaserei.de\/glaskultur-essen\/wp-json\/wp\/v2\/product"}],"about":[{"href":"https:\/\/onlineglaserei.de\/glaskultur-essen\/wp-json\/wp\/v2\/types\/product"}],"wp:featuredmedia":[{"embeddable":true,"href":"https:\/\/onlineglaserei.de\/glaskultur-essen\/wp-json\/wp\/v2\/media\/914"}],"wp:attachment":[{"href":"https:\/\/onlineglaserei.de\/glaskultur-essen\/wp-json\/wp\/v2\/media?parent=305"}],"wp:term":[{"taxonomy":"product_brand","embeddable":true,"href":"https:\/\/onlineglaserei.de\/glaskultur-essen\/wp-json\/wp\/v2\/product_brand?post=305"},{"taxonomy":"product_cat","embeddable":true,"href":"https:\/\/onlineglaserei.de\/glaskultur-essen\/wp-json\/wp\/v2\/product_cat?post=305"},{"taxonomy":"product_tag","embeddable":true,"href":"https:\/\/onlineglaserei.de\/glaskultur-essen\/wp-json\/wp\/v2\/product_tag?post=305"}],"curies":[{"name":"wp","href":"https:\/\/api.w.org\/{rel}","templated":true}]}}